{"id":3073,"date":"2013-01-17T13:06:11","date_gmt":"2013-01-17T11:06:11","guid":{"rendered":"http:\/\/jlmirall.es\/oysiao\/?page_id=3073"},"modified":"2013-02-04T10:52:44","modified_gmt":"2013-02-04T08:52:44","slug":"i-congres-de-conservatoris-professionals-de-musica-de-la-comunitat-valenciana-musica-y-educacion","status":"publish","type":"page","link":"https:\/\/oysiao.jlmirall.es\/?page_id=3073","title":{"rendered":"I Congr\u00e9s de Conservatoris Professionals de M\u00fasica de la Comunitat Valenciana &#8211; M\u00fasica y Educaci\u00f3n"},"content":{"rendered":"<p><a href=\"http:\/\/oysiao.jlmirall.es\/wp-content\/uploads\/2013\/01\/portada-revista.jpg\"><img loading=\"lazy\" decoding=\"async\" class=\"alignleft size-medium wp-image-3133\" title=\"portada revista\" src=\"http:\/\/oysiao.jlmirall.es\/wp-content\/uploads\/2013\/01\/portada-revista-210x300.jpg\" alt=\"\" width=\"210\" height=\"300\" srcset=\"https:\/\/oysiao.jlmirall.es\/wp-content\/uploads\/2013\/01\/portada-revista-210x300.jpg 210w, https:\/\/oysiao.jlmirall.es\/wp-content\/uploads\/2013\/01\/portada-revista-719x1024.jpg 719w, https:\/\/oysiao.jlmirall.es\/wp-content\/uploads\/2013\/01\/portada-revista.jpg 1173w\" sizes=\"auto, (max-width: 210px) 100vw, 210px\" \/><\/a>Esta entrada est\u00e1 dise\u00f1ada para los lectores del n\u00ba 93 de Marzo de 2013 de M\u00fasica y Educaci\u00f3n, como ampliaci\u00f3n de la informaci\u00f3n que contiene la revista sobre el I Congr\u00e9s de Conservatoris Professionals de M\u00fasica de la Comunitat Valenciana.<\/p>\n<p><a href=\"http:\/\/oysiao.jlmirall.es\/?p=2981\">Entrada completa en este blog<\/a><br \/>\n<a href=\"http:\/\/mestreacasa.gva.es\/web\/programamusica\/presentacio_2012 \">Presentaci\u00f3n del congreso<\/a><br \/>\n<a href=\"http:\/\/mestreacasa.gva.es\/c\/document_library\/get_file?folderId=500003941406&amp;name=DLFE-242726.pdf\">Programa del congreso<\/a><br \/>\n<a href=\"http:\/\/mestreacasa.gva.es\/web\/programamusica\/video_2012\">Videos del congreso<\/a><br \/>\n<a href=\"http:\/\/oysiao.jlmirall.es\/?p=2822\">Informaci\u00f3n sobre AMURE<\/a><br \/>\n<a href=\"http:\/\/www.cece.gva.es\/agenda.asp?id=739\">Evaluaciones Diagn\u00f3sticas y \u00e9xito escolar de los estudiantes de m\u00fasica<\/a><br \/>\n<a href=\"http:\/\/www.europapress.es\/sociedad\/educacion\/noticia-felicitan-catala-defensa-ensenanzas-artisticas-lomce-20121130165445.html\">Defensa de la m\u00fasica ante los borradores de la LOMCE<\/a><br \/>\n<a href=\"http:\/\/www.cece.gva.es\/agenda.asp?id=1088\">Manuel Tom\u00e1s, ahora director de CulturArts<\/a><br \/>\n<a href=\"http:\/\/oysiao.jlmirall.es\/?p=3104\">Apuesta institucional por la m\u00fasica como clave para el \u00e9xito escolar<\/a><\/p>\n","protected":false},"excerpt":{"rendered":"<p>Esta entrada est\u00e1 dise\u00f1ada para los lectores del n\u00ba 93 de Marzo de 2013 de M\u00fasica y Educaci\u00f3n, como ampliaci\u00f3n de la informaci\u00f3n que contiene la revista sobre el I Congr\u00e9s de Conservatoris Professionals de M\u00fasica de la Comunitat Valenciana. Entrada completa en este blog Presentaci\u00f3n del congreso Programa del&hellip; <\/p>\n","protected":false},"author":2,"featured_media":0,"parent":3070,"menu_order":1,"comment_status":"open","ping_status":"closed","template":"","meta":{"jetpack_post_was_ever_published":false,"footnotes":""},"class_list":["post-3073","page","type-page","status-publish","hentry"],"jetpack_shortlink":"https:\/\/wp.me\/P74VZt-Nz","jetpack_sharing_enabled":true,"_links":{"self":[{"href":"https:\/\/oysiao.jlmirall.es\/index.php?rest_route=\/wp\/v2\/pages\/3073","targetHints":{"allow":["GET"]}}],"collection":[{"href":"https:\/\/oysiao.jlmirall.es\/index.php?rest_route=\/wp\/v2\/pages"}],"about":[{"href":"https:\/\/oysiao.jlmirall.es\/index.php?rest_route=\/wp\/v2\/types\/page"}],"author":[{"embeddable":true,"href":"https:\/\/oysiao.jlmirall.es\/index.php?rest_route=\/wp\/v2\/users\/2"}],"replies":[{"embeddable":true,"href":"https:\/\/oysiao.jlmirall.es\/index.php?rest_route=%2Fwp%2Fv2%2Fcomments&post=3073"}],"version-history":[{"count":8,"href":"https:\/\/oysiao.jlmirall.es\/index.php?rest_route=\/wp\/v2\/pages\/3073\/revisions"}],"predecessor-version":[{"id":3137,"href":"https:\/\/oysiao.jlmirall.es\/index.php?rest_route=\/wp\/v2\/pages\/3073\/revisions\/3137"}],"up":[{"embeddable":true,"href":"https:\/\/oysiao.jlmirall.es\/index.php?rest_route=\/wp\/v2\/pages\/3070"}],"wp:attachment":[{"href":"https:\/\/oysiao.jlmirall.es\/index.php?rest_route=%2Fwp%2Fv2%2Fmedia&parent=3073"}],"curies":[{"name":"wp","href":"https:\/\/api.w.org\/{rel}","templated":true}]}}